w(t) be the first derivative of 3*t + 1/2*t**2 - 3. Give w(-4).
-1
Let j(u) = -3*u**2 - u. Let h(b) = b**2 + b. Let g(w) = 4*h(w) + j(w). Let v(x) = x**2 + 9*x + 10. Let f be v(-7). What is g(f)?
4
Let z be (-1)/2 + 1010/20. Let v(y) = -47 - z + 98 - y**2. What is v(-3)?
-8
Let m(b) = 4*b + 1. Suppose -5*l - 27 = 4*n, -2*n = -l - 0*l + 3. Determine m(n).
-11
Suppose 33*s = 36*s - 15. Suppose 0 = z + 2*f - 16, s + 8 = -2*z + 5*f. Let i(m) = -3*m + 7. Determine i(z).
-11
Let o(f) = f - 1. Let t be o(4). Suppose 4*d - 5 = 5*x, -2*x - d = t*x - 20. Let k(q) = 64*q**2 - 2 - 63*q**2 + 4 - q. Give k(x).
8
Let n(i) = 7*i**2 - 5*i - 8. Let h(l) = 12*l**2 - 10*l - 16. Let z(j) = 3*h(j) - 5*n(j). What is z(6)?
-2
Let p be (-115)/(-3) + (-2)/(-3). Let v be 4*(-9)/(-12) - 1*-32. Let k = p - v. Let o(u) = -u**2 + 6*u - 2. What is o(k)?
6
Let n = -19 - -26. Let v(z) = -2*z + 12. Calculate v(n).
-2
Let k(m) be the first derivative of -2*m**2 - m - 12. Give k(4).
-17
Suppose 13 = -4*z + 5. Let l(g) = 13*g + 1 + 3 + 4 + 1. Let a(f) = 11*f + 8. Let n(c) = -6*a(c) + 5*l(c). What is n(z)?
-1
Suppose 9*v - 2*v + 42 = 0. Let n be 3/2*v/(-1). Let k(j) = j**2 - 9*j - 9. Give k(n).
-9
Suppose 0 = a + 4, 4*t + 3*a + 97 = 633. Let y = -135 + t. Let w(n) = n**2 - n - 2. Let k(s) = s**2. Let c(b) = 3*k(b) + w(b). Determine c(y).
12
Let h = -38 - -46. Let l(r) = 2*r**2 - h + r**2 - r - r**3 + 3*r**2 + 11. What is l(6)?
-3
Let y be 6/4*(-16)/6. Let w(t) = -t**2 - 8*t - 13. Let c be w(-4). Let z(p) = -2 + 3 + p + c. Determine z(y).
0
Let c be 128/5 - -2*2/10. Suppose 3*p - 3*g = 6, 2*p + p + c = -5*g. Let t(r) = r**3 + 2*r**2 + r + 1. Calculate t(p).
-1
Let r(g) = 11*g - 4. Suppose v - 10 = 5*b, 5*b + 54 = -5*v + 14. Determine r(b).
-37
Suppose -z + 5*t + 7 = -15, -5*z - 10 = 5*t. Let c(q) = -3*q**2 + 15*q**2 - 10*q**z - 3*q**2 + 8*q - 3. Calculate c(8).
-3
Let x be 1*(-5)/15*3. Let i(q) be the first derivative of 5*q**3/3 - 86. What is i(x)?
5
Let r(f) = -f**3 + 6*f**2 - f + 4. Let w = 4 + -1. Suppose -4*o = -21 - w. Determine r(o).
-2
Let u(v) = v - 10. Let h(i) = -i + 8. Let j(g) = 4*h(g) + 3*u(g). What is j(2)?
0
Let b(i) = -4*i**3. Let w = 23 + 23. Suppose 5*m - w + 51 = 0. Give b(m).
4
Suppose 5*p = -4*h + 118, -3*p + h + 33 = -31. Let k(t) = 3*t**2 + 6*t + 4*t + p - 3*t - 16. Give k(-4).
26
Let t(a) = a**3 + 6*a**2 - 7*a - 2. Suppose 5*i - 3*i - 50 = 0. Let c = -32 + i. What is t(c)?
-2
Let j(v) = -6*v**2 + v - 1. Let b = 2 - -1. Suppose 2*q - 10 = -b*q. Let p = 3 - q. What is j(p)?
-6
Let o(d) = 3*d**2 + 42 - 22*d + 2*d - 15*d**2 + 13*d**2. What is o(18)?
6
Let a(s) be the third derivative of s**4/4 - 2*s**3/3 + s**2 - 17. Calculate a(2).
8
Let p(k) = -2*k - 9. Let y(a) = 11*a + 2. Let c be y(-1). Let x = -5 - c. Let r(v) = -2*v + 2. Let q be r(x). What is p(q)?
3
Let s be (-4)/6 - 28/84. Let t(n) = -18*n**3 + n. Calculate t(s).
17
Let y(r) = -6*r - 6. Let p be (7 - 2)/(-5 + 4). Give y(p).
24
Let h(c) = 4*c**2 + c + 1. Let r(l) = -3*l + 14. Let v be r(5). Give h(v).
4
Let r(q) = 10*q. Let j(s) = 9*s. Let c be 5*(-5)/((-75)/(-9)). Let g(d) = c*r(d) + 4*j(d). What is g(1)?
6
Let o(g) = -g**3 - g**2 + g + 1. Let z = -676 + 677. Calculate o(z).
0
Let j(c) = -c**3 - 4*c**2 - 3*c + 1. Suppose -3*r - 4*g - 23 = -2*g, r - 15 = 5*g. Determine j(r).
41
Let m(k) = -5*k - 1. Let p = -162 + 166. What is m(p)?
-21
Let i(y) = -2*y. Let m(r) = -r + 1. Let q be m(-4). Suppose -18 = -q*z + 3*c, 3*z = -c + 3*c + 11. What is i(z)?
-6
Let v(b) = -2*b**2 - b. Let g(s) = -s**3 - 15*s**2 - 5*s + 1. Let z(w) = -g(w) + 7*v(w). What is z(3)?
29
Let a = 46 - 31. Suppose -8*k = -3*k + a. Let t(i) = 7*i. What is t(k)?
-21
Let j(t) = t - 10*t**3 - t - 4 + 2*t + 3 + 0*t - t**2. Determine j(1).
-10
Let n(b) = -b**3 - 7*b**2 + 2*b + 10. Let y be n(-7). Let a be (15/10)/(2/y). Let o be (-2 - 5/a)*6. Let d(s) = 5*s + 3. Give d(o).
-7
Let f(o) = o**3 + 6*o**2 + 2*o + 7. Suppose 0 = 3*z + 5*b - 56, 5*b = 2*b - 6. Suppose -4*g - z = j, 7*j + 4*g = 4*j - 34. What is f(j)?
-5
Let z(b) = 4*b + 2. Let f(l) = l**3 + 6*l**2 + 5*l + 3. Let r be f(-5). Suppose 7 = -2*k - 3*n - 2, n = r*k - 14. Determine z(k).
14
Let g(i) = -3*i**2 + 162 - 6*i - 156 + i**3 - i + 2*i + 2*i. Let f be 6*(-1)/((-9)/6). What is g(f)?
10
Let p(j) be the first derivative of 16 - 5*j**2 + j**3 + 2*j**2 + j + 4*j**2 - 2*j**3. What is p(-1)?
-4
Let i(g) = g**2 + 6*g + 16. Suppose 3*p = -30 + 21. Give i(p).
7
Let g(w) = -9*w**2 - 12*w - 2. Let d(r) = 5 - 1 + 4*r**2 - 1 + 6*r - 2. Let c(m) = 7*d(m) + 3*g(m). Determine c(-6).
1
Suppose -3*i + 9*i - 12 = 0. Let f be (40/(-16))/((-1)/i). Let z(v) = -4 + 2*v + f + 3 + 6. Determine z(-7).
-4
Let c(p) be the second derivative of -1/3*p**3 - p**2 + p + 1/6*p**4 + 0 - 1/20*p**5. Determine c(3).
-17
Let o(r) = -r**2 - 6*r - 1. Let b(x) = -x**2 + 11*x + 19. Let c be b(-2). What is o(c)?
-8
Suppose -1 = -2*o + 1. Let k(f) be the second derivative of f**5/20 - f**4/24 + 2*f**3/3 - 2*f. Let i(m) be the second derivative of k(m). Determine i(o).
5
Let v(h) = 2*h - 15. Let q = 1986 + -1999. What is v(q)?
-41
Let d(m) = -2*m + 2 - 2*m**2 - m + 0*m**2 - 58*m**3 + 27*m**3 + 32*m**3. Determine d(2).
-4
Let s(u) = -12*u - 9. Let l(h) = 11*h + 7. Let d(k) = 5*l(k) + 4*s(k). Let p be ((-4)/(-2))/(2 + 0). Calculate d(p).
6
Suppose 30*l - 18*l - 48 = 0. Let s(m) = -11*m + 38. What is s(l)?
-6
Let d = 20 - 15. Suppose -2*l - 5*w + 18 = -d, 2*l - 20 = -2*w. Let c(m) = -m**2 + 8*m + 4. Let b be c(l). Let s(z) = -z**3 - 4*z**2 + 4*z + 4. Calculate s(b).
9
Suppose 2*o = -5*k + 7, 0 = -6*k + 2*k - 2*o + 4. Let q be (-22)/k*21/(-14). Let i(s) = -q + 7 + 2 - 3*s**2 + 5*s**2. Determine i(-2).
6
Let j(a) be the second derivative of 0 + 7*a**2 + 3/2*a**3 + 1/12*a**4 + 9*a. Let d be j(-6). Let w(f) = f**3 + 5*f**2 + 4*f - 1. Determine w(d).
-1
Let h(v) = 11*v + 1. Let g(o) = -27*o + 26. Let a(q) = g(q) + 2*h(q). Give a(8).
-12
Suppose -5*s = -3*h - 4, 6*s - 3*s = -3*h + 12. Let c(m) = 9 + 4 - 16 + 2*m + m**2 + s*m. Determine c(-4).
-3
Let z(i) = -13*i**2 + i + 46 - 99 + 52. Give z(1).
-13
Let f(h) be the third derivative of h**5/60 + 5*h**4/12 - h**3 + 2*h**2 + 24. What is f(-11)?
5
Let o(d) = -d**2 + 4*d + 5. Let i be o(4). Suppose 36 = 3*j + 3*s, i*j - 20 = -2*s + 37. Let q(t) = -2 + 0 + j + 3*t. Give q(-6).
-9
Let a(l) = -2*l**3 + 18*l**2 - 3*l + 26. Let b be a(9). Let h(v) = 6*v + 11. Give h(b).
5
Let k(c) be the first derivative of -c**3/3 - 11*c**2/2 - 12*c + 694. Let u be 3*(1*-1 - 2). What is k(u)?
6
Let z(g) = 7*g**3 + 8*g - 2. Let n(q) = 12*q**3 - q**2 + 15*q - 4. Let k(b) = 4*n(b) - 7*z(b). Determine k(-6).
46
Let o = 7 + -9. Let w(h) = -5*h**2 + 9*h - 3. Let l(f) = -2*f**2 + 4*f - 1. Let v(c) = -7*l(c) + 3*w(c). Give v(o).
-4
Let i(t) = -t**2 - 9*t - 11. Suppose 145 = -15*k + 55. Give i(k).
7
Let j(g) be the third derivative of -g**6/120 - g**5/12 - g**4/24 - 7*g**3/6 - 16*g**2 + 14*g. What is j(-5)?
-2
Let q(o) = -1 + 4 + 3 + 31*o - 33*o + 1. Calculate q(3).
1
Suppose 3*k + 3 - 9 = 0. Suppose 2*h + 2*h = -5*q + 10, 0 = -3*q + 5*h + 6. Let d(t) = -5*t**3 + 7*t**3 - 2 + q*t - 4*t**3 + 3*t**3. Give d(k).
10
Suppose 0 = -3*n - 2*c + 5, 0 = -n - 4*n + 2*c + 35. Let a(b) be the second derivative of b**3/6 + b**2/2 + b. Determine a(n).
6
Let z(f) = 2*f - 2*f**3 - 7*f + 3*f + 3*f. Let j be -2*((-28)/(-8))/(-7). What is z(j)?
-1
Let q(f) = f - 1. Let p(w) = 5*w. Let a(y) = -p(y) + 2*q(y). Let d = -84 + 74. Let o be (-32)/(-20) + (-4)/d. Determine a(o).
-8
Let a(p) = p**2 - 10*p + 2. Let s(i) = -15*i + 144. Let w be s(9). Determine a(w).
-7
Let s(o) = -4*o**2 - 1732 - 14*o + 2*o**2 + o**2 + 1722. Give s(-13).
3
Suppose 6*w + 0 = 6. Let q = w + -4. Let j(x) = -x**2 + 4. Give j(q).
-5
Let s(t) be the third derivative of t**4/6 + 17*t**3/6 + t**2 - 300. Give s(-9).
-19
Let o(i) be the first derivative of i**4/4 + i**3/3 - 2*i**2 - i + 482. Give o(-3).
-7
Let z(m) = -37. Let d(n) = -n - 35. Let f(t) = 8*d(t) - 7*z(t). Give f(-3).
3
Let m = -35 + 37. Let j(x) = 3*x + 2 + 12*x**m - 11*x**2 + 0*x + 2. Let q(h) = h**3 - 6*h**2 - h + 3. Let w be q(6). Determine j(w).
4
Let c(o) = -3*o - 13. Let q(h) = 2*h + 15. Let u(j) = 3*c(j) + 2*q(j). Let y = -24 + 17. Let s(f) = 2*f + 4. Let r(w) = y*s(w) - 3*u(w). What is r(1)?
0
Let t(l) =